{"id":21,"date":"2024-11-25T10:56:11","date_gmt":"2024-11-25T09:56:11","guid":{"rendered":"https:\/\/isabelle-psy.fr\/?page_id=21"},"modified":"2025-12-12T11:09:21","modified_gmt":"2025-12-12T10:09:21","slug":"methodes-de-travail","status":"publish","type":"page","link":"https:\/\/isabelle-psy.fr\/index.php\/methodes-de-travail\/","title":{"rendered":"Accompagnements psychoth\u00e9rapeutiques"},"content":{"rendered":"\n<div class=\"wp-block-group has-global-padding is-layout-constrained wp-block-group-is-layout-constrained\">\n<div class=\"wp-block-columns is-layout-flex wp-container-core-columns-is-layout-28f84493 wp-block-columns-is-layout-flex\">\n<div class=\"wp-block-column is-vertically-aligned-center is-layout-flow wp-block-column-is-layout-flow\" style=\"flex-basis:30%\">\n<p class=\"has-text-align-center\"><a href=\"#indiv\">Individuel<\/a><\/p>\n<\/div>\n\n\n\n<div class=\"wp-block-column is-vertically-aligned-bottom is-layout-flow wp-block-column-is-layout-flow\" style=\"flex-basis:40%\">\n<figure class=\"wp-block-image aligncenter size-full\"><img alt=\"\" loading=\"lazy\" decoding=\"async\" width=\"559\" height=\"446\" src=\"https:\/\/isabelle-psy.fr\/wp-content\/uploads\/2024\/11\/pscyhologue_PMR_senior-removebg-preview.png\" alt=\"\" class=\"wp-image-231\" srcset=\"https:\/\/isabelle-psy.fr\/wp-content\/uploads\/2024\/11\/pscyhologue_PMR_senior-removebg-preview.png 559w, https:\/\/isabelle-psy.fr\/wp-content\/uploads\/2024\/11\/pscyhologue_PMR_senior-removebg-preview-300x239.png 300w\" sizes=\"auto, (max-width: 559px) 100vw, 559px\" \/><\/figure>\n<\/div>\n\n\n\n<div class=\"wp-block-column is-vertically-aligned-center is-layout-flow wp-block-column-is-layout-flow\" style=\"flex-basis:30%\">\n<p class=\"has-text-align-center\"><a href=\"#group\">Groupal<\/a><\/p>\n<\/div>\n<\/div>\n<\/div>\n\n\n\n<p class=\"has-text-align-center\">Je pratique principalement une <strong>th\u00e9rapie par la parole<\/strong>, d&rsquo;orientation analytique, int\u00e9grant toutefois la dimension sociale de l&rsquo;individu.<\/p>\n\n\n\n<p class=\"has-text-align-center\">La communication est essentielle \u00e0 mon sens et voici quelques unes des valeurs principales que j&rsquo;apporte dans mon cadre.<\/p>\n\n\n\n<div style=\"height:25px\" aria-hidden=\"true\" class=\"wp-block-spacer\"><\/div>\n\n\n\n<figure class=\"wp-block-gallery has-nested-images columns-4 is-cropped wp-block-gallery-1 is-layout-flex wp-block-gallery-is-layout-flex\" style=\"border-radius:90px;padding-top:0;padding-right:var(--wp--preset--spacing--80);padding-left:var(--wp--preset--spacing--80)\">\n<figure class=\"wp-block-image size-full\" style=\"margin-right:0;margin-left:0\"><img alt=\"\" loading=\"lazy\" decoding=\"async\" width=\"500\" height=\"500\" data-id=\"281\" src=\"https:\/\/isabelle-psy.fr\/wp-content\/uploads\/2024\/11\/ecoute-removebg-preview.png\" alt=\"\" class=\"wp-image-281\" srcset=\"https:\/\/isabelle-psy.fr\/wp-content\/uploads\/2024\/11\/ecoute-removebg-preview.png 500w, https:\/\/isabelle-psy.fr\/wp-content\/uploads\/2024\/11\/ecoute-removebg-preview-300x300.png 300w, https:\/\/isabelle-psy.fr\/wp-content\/uploads\/2024\/11\/ecoute-removebg-preview-150x150.png 150w\" sizes=\"auto, (max-width: 500px) 100vw, 500px\" \/><\/figure>\n\n\n\n<figure class=\"wp-block-image size-large\"><img alt=\"\" loading=\"lazy\" decoding=\"async\" width=\"500\" height=\"500\" data-id=\"276\" src=\"https:\/\/isabelle-psy.fr\/wp-content\/uploads\/2024\/11\/collaboration-removebg-preview.png\" alt=\"\" class=\"wp-image-276\" srcset=\"https:\/\/isabelle-psy.fr\/wp-content\/uploads\/2024\/11\/collaboration-removebg-preview.png 500w, https:\/\/isabelle-psy.fr\/wp-content\/uploads\/2024\/11\/collaboration-removebg-preview-300x300.png 300w, https:\/\/isabelle-psy.fr\/wp-content\/uploads\/2024\/11\/collaboration-removebg-preview-150x150.png 150w\" sizes=\"auto, (max-width: 500px) 100vw, 500px\" \/><\/figure>\n\n\n\n<figure class=\"wp-block-image size-large\"><img alt=\"\" loading=\"lazy\" decoding=\"async\" width=\"500\" height=\"500\" data-id=\"275\" src=\"https:\/\/isabelle-psy.fr\/wp-content\/uploads\/2024\/11\/bientraitance2-removebg-preview.png\" alt=\"\" class=\"wp-image-275\" srcset=\"https:\/\/isabelle-psy.fr\/wp-content\/uploads\/2024\/11\/bientraitance2-removebg-preview.png 500w, https:\/\/isabelle-psy.fr\/wp-content\/uploads\/2024\/11\/bientraitance2-removebg-preview-300x300.png 300w, https:\/\/isabelle-psy.fr\/wp-content\/uploads\/2024\/11\/bientraitance2-removebg-preview-150x150.png 150w\" sizes=\"auto, (max-width: 500px) 100vw, 500px\" \/><\/figure>\n\n\n\n<figure class=\"wp-block-image size-large\"><img alt=\"\" loading=\"lazy\" decoding=\"async\" width=\"500\" height=\"500\" data-id=\"277\" src=\"https:\/\/isabelle-psy.fr\/wp-content\/uploads\/2024\/11\/poignee_de_main-removebg-preview.png\" alt=\"\" class=\"wp-image-277\" srcset=\"https:\/\/isabelle-psy.fr\/wp-content\/uploads\/2024\/11\/poignee_de_main-removebg-preview.png 500w, https:\/\/isabelle-psy.fr\/wp-content\/uploads\/2024\/11\/poignee_de_main-removebg-preview-300x300.png 300w, https:\/\/isabelle-psy.fr\/wp-content\/uploads\/2024\/11\/poignee_de_main-removebg-preview-150x150.png 150w\" sizes=\"auto, (max-width: 500px) 100vw, 500px\" \/><\/figure>\n<\/figure>\n\n\n\n<div class=\"wp-block-columns is-layout-flex wp-container-core-columns-is-layout-28f84493 wp-block-columns-is-layout-flex\">\n<div class=\"wp-block-column is-layout-flow wp-block-column-is-layout-flow\" style=\"flex-basis:25%\">\n<p class=\"has-text-align-center has-small-font-size\">\u00c9coute<\/p>\n<\/div>\n\n\n\n<div class=\"wp-block-column is-layout-flow wp-block-column-is-layout-flow\" style=\"flex-basis:25%\">\n<p class=\"has-text-align-center has-small-font-size\">Co-\u00e9laboration du suivi<\/p>\n<\/div>\n\n\n\n<div class=\"wp-block-column is-layout-flow wp-block-column-is-layout-flow\" style=\"flex-basis:25%\">\n<p class=\"has-text-align-center has-small-font-size\">Bientraitance<\/p>\n<\/div>\n\n\n\n<div class=\"wp-block-column is-layout-flow wp-block-column-is-layout-flow\" style=\"flex-basis:25%\">\n<p class=\"has-text-align-center has-small-font-size\">Respect<\/p>\n<\/div>\n<\/div>\n\n\n\n<div style=\"height:50px\" aria-hidden=\"true\" class=\"wp-block-spacer\"><\/div>\n\n\n\n<p class=\"has-text-align-center has-link-color has-system-font-font-family wp-elements-ada0d1cc9e8d46362e40dee614948f90\">Elles sont comprises dans le respect du <a href=\"https:\/\/isabelle-psy.fr\/index.php\/code-de-deontologie\/\" data-type=\"page\" data-id=\"313\">code de d\u00e9ontologie des psychologues<\/a>, auquel je me r\u00e9f\u00e8re.<\/p>\n\n\n\n<div style=\"height:25px\" aria-hidden=\"true\" class=\"wp-block-spacer\"><\/div>\n\n\n\n<p id=\"indiv\"><em>En individuel<\/em><\/p>\n\n\n\n<p class=\"has-text-align-center\">J&rsquo;accompagne les <strong>adultes, seniors et aidants<\/strong> ayant diverses probl\u00e9matiques telles que <strong>l&rsquo;anxi\u00e9t\u00e9<\/strong>, d\u00e9pression, l&rsquo;hypersensibilit\u00e9, l&rsquo;\u00e9puisement (personnel ou professionnel) ; mais \u00e9galement les <strong>violences sexuelles<\/strong>, les phobies et les questionnements li\u00e9s aux <strong>transitions de genres, les relations non-monogames<\/strong>.<\/p>\n\n\n\n<p class=\"has-text-align-center\">Je vous accompagne de mani\u00e8re classique mais je <strong>favorise un accompagnement en visio ou au domicile des personnes accompagn\u00e9es <\/strong>et en difficult\u00e9s d&rsquo;acc\u00e8s aux soins psychiques.<br>Le soutien depuis votre domicile permet un d\u00e9but en douceur ou des facilit\u00e9s d&rsquo;organisation (pour les aidants par exemple). <br>Il est cependant n\u00e9cessaire de pouvoir <strong>b\u00e9n\u00e9ficier \u00e0 son domicile d&rsquo;un espace o\u00f9 votre confidentialit\u00e9 sera respect\u00e9e<\/strong>. <\/p>\n\n\n\n<div style=\"height:10px\" aria-hidden=\"true\" class=\"wp-block-spacer\"><\/div>\n\n\n\n<p class=\"has-text-align-center\">J&rsquo;<strong>adapte ma posture<\/strong> en fonction de la personne accueillie et de son \u00e2ge. <br>Surtout pour les personnes \u00e2g\u00e9es, pour qui la posture analytique apprise en th\u00e9orie ne convient pas.<\/p>\n\n\n\n<p class=\"has-text-align-center\">Je favorise cependant toujours un <strong>espace bienveillant <\/strong>et sans jugement o\u00f9 le travail est co-construit par le dialogue entre la personne et le th\u00e9rapeute. <br>En ce sens, je rappelle aux personnes accompagn\u00e9es qu&rsquo;elles peuvent me formuler des critiques de l&rsquo;accompagnement que je propose afin de m&rsquo;ajuster si n\u00e9cessaire, en fonction du travail \u00e0 poursuivre.<\/p>\n\n\n\n<figure class=\"wp-block-image aligncenter size-full is-resized\"><img alt=\"\" loading=\"lazy\" decoding=\"async\" width=\"500\" height=\"500\" src=\"https:\/\/isabelle-psy.fr\/wp-content\/uploads\/2024\/11\/Design_sans_titre__2_-removebg-preview-1.png\" alt=\"\" class=\"wp-image-229\" style=\"width:146px;height:auto\" srcset=\"https:\/\/isabelle-psy.fr\/wp-content\/uploads\/2024\/11\/Design_sans_titre__2_-removebg-preview-1.png 500w, https:\/\/isabelle-psy.fr\/wp-content\/uploads\/2024\/11\/Design_sans_titre__2_-removebg-preview-1-300x300.png 300w, https:\/\/isabelle-psy.fr\/wp-content\/uploads\/2024\/11\/Design_sans_titre__2_-removebg-preview-1-150x150.png 150w\" sizes=\"auto, (max-width: 500px) 100vw, 500px\" \/><\/figure>\n\n\n\n<p class=\"has-text-align-center\">Par ailleurs, ayant une grande affection pour <strong>les arts-plastiques<\/strong>, ils peuvent \u00eatre propos\u00e9s comme m\u00e9dium d&rsquo;expression, de stimulation, de revalorisation ou comme base pour initier des r\u00e9flexions. <br>C&rsquo;est un accompagnement que je souhaite mettre \u00e9galement \u00e0 votre disposition.<\/p>\n\n\n\n<div style=\"height:50px\" aria-hidden=\"true\" class=\"wp-block-spacer\"><\/div>\n\n\n\n<p id=\"group\"><em>En groupe<\/em><\/p>\n\n\n\n<p class=\"has-text-align-center\">Des accompagnements pour professionnels ou b\u00e9n\u00e9voles et en groupe peuvent \u00eatre propos\u00e9s, aux institutions ou associations sous la forme de<\/p>\n\n\n\n<ul class=\"wp-block-list\">\n<li>Groupe de paroles<\/li>\n\n\n\n<li>Groupe d&rsquo;Analyse des Pratiques Professionnelles<\/li>\n\n\n\n<li>Groupe d&rsquo;art en collectif<\/li>\n<\/ul>\n\n\n\n<div style=\"height:50px\" aria-hidden=\"true\" class=\"wp-block-spacer\"><\/div>\n\n\n\n<p class=\"has-text-align-center\"><strong>Information : <br><\/strong>Si besoin, avec l&rsquo;accord de la personne accompagn\u00e9e, je suis possiblement amen\u00e9e \u00e0 contacter d&rsquo;autres professionnels intervenant aupr\u00e8s d&rsquo;elle, dans le respect du code de d\u00e9ontologie et du secret professionnel partag\u00e9.<\/p>\n","protected":false},"excerpt":{"rendered":"<p>Individuel Groupal Je pratique principalement une th\u00e9rapie par la parole, d&rsquo;orientation analytique, int\u00e9grant toutefois la dimension sociale de l&rsquo;individu. La communication est essentielle \u00e0 mon sens et voici quelques unes des valeurs principales que j&rsquo;apporte dans mon cadre. \u00c9coute Co-\u00e9laboration du suivi Bientraitance Respect Elles sont comprises dans le respect du code de d\u00e9ontologie des [&hellip;]<\/p>\n","protected":false},"author":1,"featured_media":0,"parent":0,"menu_order":0,"comment_status":"closed","ping_status":"closed","template":"","meta":{"_seopress_robots_primary_cat":"","_seopress_titles_title":"","_seopress_titles_desc":"","_seopress_robots_index":"","footnotes":""},"class_list":["post-21","page","type-page","status-publish","hentry"],"_links":{"self":[{"href":"https:\/\/isabelle-psy.fr\/index.php\/wp-json\/wp\/v2\/pages\/21","targetHints":{"allow":["GET"]}}],"collection":[{"href":"https:\/\/isabelle-psy.fr\/index.php\/wp-json\/wp\/v2\/pages"}],"about":[{"href":"https:\/\/isabelle-psy.fr\/index.php\/wp-json\/wp\/v2\/types\/page"}],"author":[{"embeddable":true,"href":"https:\/\/isabelle-psy.fr\/index.php\/wp-json\/wp\/v2\/users\/1"}],"replies":[{"embeddable":true,"href":"https:\/\/isabelle-psy.fr\/index.php\/wp-json\/wp\/v2\/comments?post=21"}],"version-history":[{"count":61,"href":"https:\/\/isabelle-psy.fr\/index.php\/wp-json\/wp\/v2\/pages\/21\/revisions"}],"predecessor-version":[{"id":566,"href":"https:\/\/isabelle-psy.fr\/index.php\/wp-json\/wp\/v2\/pages\/21\/revisions\/566"}],"wp:attachment":[{"href":"https:\/\/isabelle-psy.fr\/index.php\/wp-json\/wp\/v2\/media?parent=21"}],"curies":[{"name":"wp","href":"https:\/\/api.w.org\/{rel}","templated":true}]}}

Accompagnements psychothérapeutiques

<div class="wp-block-group has-global-padding is-layout-constrained wp-block-group-is-layout-constrained">
<div class="wp-block-columns is-layout-flex wp-container-core-columns-is-layout-28f84493 wp-block-columns-is-layout-flex">
<div class="wp-block-column is-vertically-aligned-center is-layout-flow wp-block-column-is-layout-flow" style="flex-basis:30%">
<p class="has-text-align-center"><a href="#indiv">Individuel</a></p>
</div>



<div class="wp-block-column is-vertically-aligned-bottom is-layout-flow wp-block-column-is-layout-flow" style="flex-basis:40%">
<figure class="wp-block-image aligncenter size-full"><img alt="" loading="lazy" decoding="async" width="559" height="446" src="https://isabelle-psy.fr/wp-content/uploads/2024/11/pscyhologue_PMR_senior-removebg-preview.png" alt="" class="wp-image-231" srcset="https://isabelle-psy.fr/wp-content/uploads/2024/11/pscyhologue_PMR_senior-removebg-preview.png 559w, https://isabelle-psy.fr/wp-content/uploads/2024/11/pscyhologue_PMR_senior-removebg-preview-300x239.png 300w" sizes="auto, (max-width: 559px) 100vw, 559px" /></figure>
</div>



<div class="wp-block-column is-vertically-aligned-center is-layout-flow wp-block-column-is-layout-flow" style="flex-basis:30%">
<p class="has-text-align-center"><a href="#group">Groupal</a></p>
</div>
</div>
</div>



<p class="has-text-align-center">Je pratique principalement une <strong>thérapie par la parole</strong>, d&rsquo;orientation analytique, intégrant toutefois la dimension sociale de l&rsquo;individu.</p>



<p class="has-text-align-center">La communication est essentielle à mon sens et voici quelques unes des valeurs principales que j&rsquo;apporte dans mon cadre.</p>



<div style="height:25px" aria-hidden="true" class="wp-block-spacer"></div>



<figure class="wp-block-gallery has-nested-images columns-4 is-cropped wp-block-gallery-1 is-layout-flex wp-block-gallery-is-layout-flex" style="border-radius:90px;padding-top:0;padding-right:var(--wp--preset--spacing--80);padding-left:var(--wp--preset--spacing--80)">
<figure class="wp-block-image size-full" style="margin-right:0;margin-left:0"><img alt="" loading="lazy" decoding="async" width="500" height="500" data-id="281" src="https://isabelle-psy.fr/wp-content/uploads/2024/11/ecoute-removebg-preview.png" alt="" class="wp-image-281" srcset="https://isabelle-psy.fr/wp-content/uploads/2024/11/ecoute-removebg-preview.png 500w, https://isabelle-psy.fr/wp-content/uploads/2024/11/ecoute-removebg-preview-300x300.png 300w, https://isabelle-psy.fr/wp-content/uploads/2024/11/ecoute-removebg-preview-150x150.png 150w" sizes="auto, (max-width: 500px) 100vw, 500px" /></figure>



<figure class="wp-block-image size-large"><img alt="" loading="lazy" decoding="async" width="500" height="500" data-id="276" src="https://isabelle-psy.fr/wp-content/uploads/2024/11/collaboration-removebg-preview.png" alt="" class="wp-image-276" srcset="https://isabelle-psy.fr/wp-content/uploads/2024/11/collaboration-removebg-preview.png 500w, https://isabelle-psy.fr/wp-content/uploads/2024/11/collaboration-removebg-preview-300x300.png 300w, https://isabelle-psy.fr/wp-content/uploads/2024/11/collaboration-removebg-preview-150x150.png 150w" sizes="auto, (max-width: 500px) 100vw, 500px" /></figure>



<figure class="wp-block-image size-large"><img alt="" loading="lazy" decoding="async" width="500" height="500" data-id="275" src="https://isabelle-psy.fr/wp-content/uploads/2024/11/bientraitance2-removebg-preview.png" alt="" class="wp-image-275" srcset="https://isabelle-psy.fr/wp-content/uploads/2024/11/bientraitance2-removebg-preview.png 500w, https://isabelle-psy.fr/wp-content/uploads/2024/11/bientraitance2-removebg-preview-300x300.png 300w, https://isabelle-psy.fr/wp-content/uploads/2024/11/bientraitance2-removebg-preview-150x150.png 150w" sizes="auto, (max-width: 500px) 100vw, 500px" /></figure>



<figure class="wp-block-image size-large"><img alt="" loading="lazy" decoding="async" width="500" height="500" data-id="277" src="https://isabelle-psy.fr/wp-content/uploads/2024/11/poignee_de_main-removebg-preview.png" alt="" class="wp-image-277" srcset="https://isabelle-psy.fr/wp-content/uploads/2024/11/poignee_de_main-removebg-preview.png 500w, https://isabelle-psy.fr/wp-content/uploads/2024/11/poignee_de_main-removebg-preview-300x300.png 300w, https://isabelle-psy.fr/wp-content/uploads/2024/11/poignee_de_main-removebg-preview-150x150.png 150w" sizes="auto, (max-width: 500px) 100vw, 500px" /></figure>
</figure>



<div class="wp-block-columns is-layout-flex wp-container-core-columns-is-layout-28f84493 wp-block-columns-is-layout-flex">
<div class="wp-block-column is-layout-flow wp-block-column-is-layout-flow" style="flex-basis:25%">
<p class="has-text-align-center has-small-font-size">Écoute</p>
</div>



<div class="wp-block-column is-layout-flow wp-block-column-is-layout-flow" style="flex-basis:25%">
<p class="has-text-align-center has-small-font-size">Co-élaboration du suivi</p>
</div>



<div class="wp-block-column is-layout-flow wp-block-column-is-layout-flow" style="flex-basis:25%">
<p class="has-text-align-center has-small-font-size">Bientraitance</p>
</div>



<div class="wp-block-column is-layout-flow wp-block-column-is-layout-flow" style="flex-basis:25%">
<p class="has-text-align-center has-small-font-size">Respect</p>
</div>
</div>



<div style="height:50px" aria-hidden="true" class="wp-block-spacer"></div>



<p class="has-text-align-center has-link-color has-system-font-font-family wp-elements-ada0d1cc9e8d46362e40dee614948f90">Elles sont comprises dans le respect du <a href="https://isabelle-psy.fr/index.php/code-de-deontologie/" data-type="page" data-id="313">code de déontologie des psychologues</a>, auquel je me réfère.</p>



<div style="height:25px" aria-hidden="true" class="wp-block-spacer"></div>



<p id="indiv"><em>En individuel</em></p>



<p class="has-text-align-center">J&rsquo;accompagne les <strong>adultes, seniors et aidants</strong> ayant diverses problématiques telles que <strong>l&rsquo;anxiété</strong>, dépression, l&rsquo;hypersensibilité, l&rsquo;épuisement (personnel ou professionnel) ; mais également les <strong>violences sexuelles</strong>, les phobies et les questionnements liés aux <strong>transitions de genres, les relations non-monogames</strong>.</p>



<p class="has-text-align-center">Je vous accompagne de manière classique mais je <strong>favorise un accompagnement en visio ou au domicile des personnes accompagnées </strong>et en difficultés d&rsquo;accès aux soins psychiques.<br>Le soutien depuis votre domicile permet un début en douceur ou des facilités d&rsquo;organisation (pour les aidants par exemple). <br>Il est cependant nécessaire de pouvoir <strong>bénéficier à son domicile d&rsquo;un espace où votre confidentialité sera respectée</strong>. </p>



<div style="height:10px" aria-hidden="true" class="wp-block-spacer"></div>



<p class="has-text-align-center">J&rsquo;<strong>adapte ma posture</strong> en fonction de la personne accueillie et de son âge. <br>Surtout pour les personnes âgées, pour qui la posture analytique apprise en théorie ne convient pas.</p>



<p class="has-text-align-center">Je favorise cependant toujours un <strong>espace bienveillant </strong>et sans jugement où le travail est co-construit par le dialogue entre la personne et le thérapeute. <br>En ce sens, je rappelle aux personnes accompagnées qu&rsquo;elles peuvent me formuler des critiques de l&rsquo;accompagnement que je propose afin de m&rsquo;ajuster si nécessaire, en fonction du travail à poursuivre.</p>



<figure class="wp-block-image aligncenter size-full is-resized"><img alt="" loading="lazy" decoding="async" width="500" height="500" src="https://isabelle-psy.fr/wp-content/uploads/2024/11/Design_sans_titre__2_-removebg-preview-1.png" alt="" class="wp-image-229" style="width:146px;height:auto" srcset="https://isabelle-psy.fr/wp-content/uploads/2024/11/Design_sans_titre__2_-removebg-preview-1.png 500w, https://isabelle-psy.fr/wp-content/uploads/2024/11/Design_sans_titre__2_-removebg-preview-1-300x300.png 300w, https://isabelle-psy.fr/wp-content/uploads/2024/11/Design_sans_titre__2_-removebg-preview-1-150x150.png 150w" sizes="auto, (max-width: 500px) 100vw, 500px" /></figure>



<p class="has-text-align-center">Par ailleurs, ayant une grande affection pour <strong>les arts-plastiques</strong>, ils peuvent être proposés comme médium d&rsquo;expression, de stimulation, de revalorisation ou comme base pour initier des réflexions. <br>C&rsquo;est un accompagnement que je souhaite mettre également à votre disposition.</p>



<div style="height:50px" aria-hidden="true" class="wp-block-spacer"></div>



<p id="group"><em>En groupe</em></p>



<p class="has-text-align-center">Des accompagnements pour professionnels ou bénévoles et en groupe peuvent être proposés, aux institutions ou associations sous la forme de</p>



<ul class="wp-block-list">
<li>Groupe de paroles</li>



<li>Groupe d&rsquo;Analyse des Pratiques Professionnelles</li>



<li>Groupe d&rsquo;art en collectif</li>
</ul>



<div style="height:50px" aria-hidden="true" class="wp-block-spacer"></div>



<p class="has-text-align-center"><strong>Information : <br></strong>Si besoin, avec l&rsquo;accord de la personne accompagnée, je suis possiblement amenée à contacter d&rsquo;autres professionnels intervenant auprès d&rsquo;elle, dans le respect du code de déontologie et du secret professionnel partagé.</p>

<p>Individuel Groupal Je pratique principalement une thérapie par la parole, d&rsquo;orientation analytique, intégrant toutefois la dimension sociale de l&rsquo;individu. La communication est essentielle à mon sens et voici quelques unes des valeurs principales que j&rsquo;apporte dans mon cadre. Écoute Co-élaboration du suivi Bientraitance Respect Elles sont comprises dans le respect du code de déontologie des [&hellip;]</p>
