{"id":20,"date":"2024-11-14T16:43:31","date_gmt":"2024-11-14T15:43:31","guid":{"rendered":"https:\/\/isabelle-psy.fr\/?page_id=20"},"modified":"2025-09-27T20:41:31","modified_gmt":"2025-09-27T18:41:31","slug":"me-contacter","status":"publish","type":"page","link":"https:\/\/isabelle-psy.fr\/index.php\/me-contacter\/","title":{"rendered":"Me contacter"},"content":{"rendered":"\n<p>Pour \u00e9changer et\/ou prendre RDV, vous pouvez me joindre au<\/p>\n\n\n\n<div class=\"wp-block-columns is-layout-flex wp-container-core-columns-is-layout-28f84493 wp-block-columns-is-layout-flex\">\n<div class=\"wp-block-column is-layout-flow wp-block-column-is-layout-flow\" style=\"flex-basis:50%\">\n<div class=\"wp-block-group is-content-justification-right is-nowrap is-layout-flex wp-container-core-group-is-layout-17124a9a wp-block-group-is-layout-flex\">\n<figure class=\"wp-block-image size-full is-resized\"><img alt=\"\" loading=\"lazy\" decoding=\"async\" width=\"514\" height=\"485\" src=\"https:\/\/isabelle-psy.fr\/wp-content\/uploads\/2024\/11\/telephone-removebg-preview.png\" alt=\"\" class=\"wp-image-158\" style=\"width:59px;height:auto\" srcset=\"https:\/\/isabelle-psy.fr\/wp-content\/uploads\/2024\/11\/telephone-removebg-preview.png 514w, https:\/\/isabelle-psy.fr\/wp-content\/uploads\/2024\/11\/telephone-removebg-preview-300x283.png 300w\" sizes=\"auto, (max-width: 514px) 100vw, 514px\" \/><\/figure>\n<\/div>\n<\/div>\n\n\n\n<div class=\"wp-block-column is-vertically-aligned-center is-layout-flow wp-block-column-is-layout-flow\" style=\"flex-basis:50%\">\n<p class=\"has-text-align-left has-link-color wp-elements-c2022a7ad1c8918a96ed0c5238dcb267\"><a href=\"tel:0608735391\">06 08 73 53 91<\/a><\/p>\n<\/div>\n<\/div>\n\n\n\n<div style=\"height:25px\" aria-hidden=\"true\" class=\"wp-block-spacer\"><\/div>\n\n\n\n<p class=\"has-text-align-left\">Ou compl\u00e9ter le formulaire ci-dessous avec votre demande. <\/p>\n\n\n<style id=\"wpforms-css-vars-117-block-04d56f8b-ae38-411b-8ca8-153c795212b5\">\n\t\t\t\t#wpforms-117.wpforms-block-04d56f8b-ae38-411b-8ca8-153c795212b5 {\n\t\t\t\t--wpforms-field-border-radius: 20px;\n--wpforms-button-border-radius: 20px;\n--wpforms-button-background-color: #5793ad;\n--wpforms-button-text-color: #f2f1dc;\n--wpforms-field-size-input-height: 43px;\n--wpforms-field-size-input-spacing: 15px;\n--wpforms-field-size-font-size: 16px;\n--wpforms-field-size-line-height: 19px;\n--wpforms-field-size-padding-h: 14px;\n--wpforms-field-size-checkbox-size: 16px;\n--wpforms-field-size-sublabel-spacing: 5px;\n--wpforms-field-size-icon-size: 1;\n--wpforms-label-size-font-size: 16px;\n--wpforms-label-size-line-height: 19px;\n--wpforms-label-size-sublabel-font-size: 14px;\n--wpforms-label-size-sublabel-line-height: 17px;\n--wpforms-button-size-font-size: 17px;\n--wpforms-button-size-height: 41px;\n--wpforms-button-size-padding-h: 15px;\n--wpforms-button-size-margin-top: 10px;\n\t\t\t}\n\t\t\t<\/style><div class=\"wpforms-container wpforms-container-full wpforms-block wpforms-block-04d56f8b-ae38-411b-8ca8-153c795212b5 wpforms-render-modern\" id=\"wpforms-117\"><form id=\"wpforms-form-117\" class=\"wpforms-validate wpforms-form wpforms-ajax-form\" data-formid=\"117\" method=\"post\" enctype=\"multipart\/form-data\" action=\"\/index.php\/wp-json\/wp\/v2\/pages\/20\" data-token=\"7cb227807c6bd834e57b113e65ae1ade\" data-token-time=\"1777659999\"><noscript class=\"wpforms-error-noscript\">Veuillez activer JavaScript dans votre navigateur pour remplir ce formulaire.<\/noscript><div id=\"wpforms-error-noscript\" style=\"display: none;\">Veuillez activer JavaScript dans votre navigateur pour remplir ce formulaire.<\/div><div class=\"wpforms-field-container\"><div id=\"wpforms-117-field_1-container\" class=\"wpforms-field wpforms-field-name\" data-field-id=\"1\"><fieldset><legend class=\"wpforms-field-label\">Identit\u00e9 <span class=\"wpforms-required-label\" aria-hidden=\"true\">*<\/span><\/legend><div class=\"wpforms-field-row wpforms-field-medium\"><div class=\"wpforms-field-row-block wpforms-first wpforms-one-half\"><input type=\"text\" id=\"wpforms-117-field_1\" class=\"wpforms-field-name-first wpforms-field-required\" name=\"wpforms[fields][1][first]\" aria-errormessage=\"wpforms-117-field_1-error\" required><label for=\"wpforms-117-field_1\" class=\"wpforms-field-sublabel after\">Pr\u00e9nom<\/label><\/div><div class=\"wpforms-field-row-block wpforms-one-half\"><input type=\"text\" id=\"wpforms-117-field_1-last\" class=\"wpforms-field-name-last wpforms-field-required\" name=\"wpforms[fields][1][last]\" aria-errormessage=\"wpforms-117-field_1-last-error\" required><label for=\"wpforms-117-field_1-last\" class=\"wpforms-field-sublabel after\">Nom<\/label><\/div><\/div><\/fieldset><\/div>\t\t<div id=\"wpforms-117-field_4-container\"\n\t\t\tclass=\"wpforms-field wpforms-field-text\"\n\t\t\tdata-field-type=\"text\"\n\t\t\tdata-field-id=\"4\"\n\t\t\t>\n\t\t\t<label class=\"wpforms-field-label\" for=\"wpforms-117-field_4\" >Commentaire ou E-mail<\/label>\n\t\t\t<input type=\"text\" id=\"wpforms-117-field_4\" class=\"wpforms-field-medium\" name=\"wpforms[fields][4]\" >\n\t\t<\/div>\n\t\t<div id=\"wpforms-117-field_2-container\" class=\"wpforms-field wpforms-field-email\" data-field-id=\"2\"><label class=\"wpforms-field-label\" for=\"wpforms-117-field_2\">E-mail <span class=\"wpforms-required-label\" aria-hidden=\"true\">*<\/span><\/label><input type=\"email\" id=\"wpforms-117-field_2\" class=\"wpforms-field-medium wpforms-field-required\" name=\"wpforms[fields][2]\" spellcheck=\"false\" aria-errormessage=\"wpforms-117-field_2-error\" required><\/div><div id=\"wpforms-117-field_3-container\" class=\"wpforms-field wpforms-field-textarea\" data-field-id=\"3\"><label class=\"wpforms-field-label\" for=\"wpforms-117-field_3\">Commentaire ou message <span class=\"wpforms-required-label\" aria-hidden=\"true\">*<\/span><\/label><textarea id=\"wpforms-117-field_3\" class=\"wpforms-field-medium wpforms-field-required\" name=\"wpforms[fields][3]\" aria-errormessage=\"wpforms-117-field_3-error\" required><\/textarea><\/div><script>\n\t\t\t\t( function() {\n\t\t\t\t\tconst style = document.createElement( 'style' );\n\t\t\t\t\tstyle.appendChild( document.createTextNode( '#wpforms-117-field_4-container { position: absolute !important; overflow: hidden !important; display: inline !important; height: 1px !important; width: 1px !important; z-index: -1000 !important; padding: 0 !important; } #wpforms-117-field_4-container input { visibility: hidden; } #wpforms-conversational-form-page #wpforms-117-field_4-container label { counter-increment: none; }' ) );\n\t\t\t\t\tdocument.head.appendChild( style );\n\t\t\t\t\tdocument.currentScript?.remove();\n\t\t\t\t} )();\n\t\t\t<\/script><\/div><!-- .wpforms-field-container --><div class=\"wpforms-submit-container\" ><input type=\"hidden\" name=\"wpforms[id]\" value=\"117\"><input type=\"hidden\" name=\"page_title\" value=\"\"><input type=\"hidden\" name=\"page_url\" value=\"https:\/\/isabelle-psy.fr\/index.php\/wp-json\/wp\/v2\/pages\/20\"><input type=\"hidden\" name=\"url_referer\" value=\"\"><button type=\"submit\" name=\"wpforms[submit]\" id=\"wpforms-submit-117\" class=\"wpforms-submit\" data-alt-text=\"Envoi...\" data-submit-text=\"Envoyer\" aria-live=\"assertive\" value=\"wpforms-submit\">Envoyer<\/button><img loading=\"lazy\" decoding=\"async\" src=\"https:\/\/isabelle-psy.fr\/wp-content\/plugins\/wpforms-lite\/assets\/images\/submit-spin.svg\" class=\"wpforms-submit-spinner\" style=\"display: none;\" width=\"26\" height=\"26\" alt=\"Chargement en cours\"><\/div><\/form><\/div>  <!-- .wpforms-container -->\n\n\n<p>Je veillerai \u00e0 y r\u00e9pondre le plus rapidement et ad\u00e9quatement possible. <\/p>\n\n\n\n<p>Par ailleurs, vous pouvez me trouver sur :<\/p>\n\n\n\n<ul class=\"wp-block-list\">\n<li><a href=\"https:\/\/www.doctolib.fr\/psychologue\/neuilly-sur-seine\/isabelle-gauthier-de-lahaut\">Doctolib<\/a><\/li>\n\n\n\n<li><a href=\"https:\/\/maboussoleaidants.fr\/mes-solutions\/navigate\/groups\">Ma boussole Aidant<\/a><\/li>\n\n\n\n<li><a href=\"https:\/\/www.missionpsychologue.fr\">Mission psychologue <\/a><\/li>\n\n\n\n<li>Besan\u00e7on work <\/li>\n<\/ul>\n\n\n\n<p class=\"has-text-align-right\">Isabelle<\/p>\n\n\n\n<p>Aucune de vos donn\u00e9es personnelle n&rsquo;est enregistr\u00e9e. <\/p>\n\n\n\n<div style=\"height:0px\" aria-hidden=\"true\" class=\"wp-block-spacer\"><\/div>\n\n\n\n<p class=\"has-text-align-center has-custom-b-5-dcc-1-background-color has-background\" style=\"border-radius:20px\"><strong>Informations<\/strong><br><br>Dur\u00e9e des s\u00e9ances : <br><em>45 min<\/em> sur place<br><br>Tous RDV non annul\u00e9 24h avant sera d\u00fb<\/p>\n\n\n\n<p><\/p>\n","protected":false},"excerpt":{"rendered":"<p>Pour \u00e9changer et\/ou prendre RDV, vous pouvez me joindre au 06 08 73 53 91 Ou compl\u00e9ter le formulaire ci-dessous avec votre demande. Je veillerai \u00e0 y r\u00e9pondre le plus rapidement et ad\u00e9quatement possible. Par ailleurs, vous pouvez me trouver sur : Isabelle Aucune de vos donn\u00e9es personnelle n&rsquo;est enregistr\u00e9e. Informations Dur\u00e9e des s\u00e9ances : [&hellip;]<\/p>\n","protected":false},"author":1,"featured_media":0,"parent":0,"menu_order":0,"comment_status":"closed","ping_status":"closed","template":"","meta":{"_seopress_robots_primary_cat":"","_seopress_titles_title":"","_seopress_titles_desc":"","_seopress_robots_index":"","footnotes":""},"class_list":["post-20","page","type-page","status-publish","hentry"],"_links":{"self":[{"href":"https:\/\/isabelle-psy.fr\/index.php\/wp-json\/wp\/v2\/pages\/20","targetHints":{"allow":["GET"]}}],"collection":[{"href":"https:\/\/isabelle-psy.fr\/index.php\/wp-json\/wp\/v2\/pages"}],"about":[{"href":"https:\/\/isabelle-psy.fr\/index.php\/wp-json\/wp\/v2\/types\/page"}],"author":[{"embeddable":true,"href":"https:\/\/isabelle-psy.fr\/index.php\/wp-json\/wp\/v2\/users\/1"}],"replies":[{"embeddable":true,"href":"https:\/\/isabelle-psy.fr\/index.php\/wp-json\/wp\/v2\/comments?post=20"}],"version-history":[{"count":46,"href":"https:\/\/isabelle-psy.fr\/index.php\/wp-json\/wp\/v2\/pages\/20\/revisions"}],"predecessor-version":[{"id":516,"href":"https:\/\/isabelle-psy.fr\/index.php\/wp-json\/wp\/v2\/pages\/20\/revisions\/516"}],"wp:attachment":[{"href":"https:\/\/isabelle-psy.fr\/index.php\/wp-json\/wp\/v2\/media?parent=20"}],"curies":[{"name":"wp","href":"https:\/\/api.w.org\/{rel}","templated":true}]}}